{"id":4110,"date":"2022-11-26T21:10:13","date_gmt":"2022-11-26T23:10:13","guid":{"rendered":"http:\/\/ltim.lt\/?page_id=4110"},"modified":"2022-11-26T21:10:14","modified_gmt":"2022-11-26T23:10:14","slug":"svente-raiziuose-xx-a-sestas-des","status":"publish","type":"page","link":"https:\/\/ltim.lt\/en\/galerija\/vietoves\/alytus\/svente-raiziuose-xx-a-sestas-des\/","title":{"rendered":"\u0160vent\u0117 Rai\u017eiuose XX a. \u0161e\u0161tas de\u0161."},"content":{"rendered":"\n<p><img loading=\"lazy\" class=\"aligncenter size-medium\" src=\"https:\/\/pirmynpopasauli.files.wordpress.com\/2022\/11\/image-126.png\" width=\"286\" height=\"219\" \/><\/p>\n<p style=\"text-align: center;\">\u0160vent\u0117 Rai\u017eiuose XX a. \u0161e\u0161tas de\u0161.<\/p>\n","protected":false},"excerpt":{"rendered":"<p>\u0160vent\u0117 Rai\u017eiuose XX a. \u0161e\u0161tas de\u0161.<\/p>\n","protected":false},"author":1,"featured_media":0,"parent":153,"menu_order":0,"comment_status":"closed","ping_status":"closed","template":"page-text.php","meta":[],"_links":{"self":[{"href":"https:\/\/ltim.lt\/en\/wp-json\/wp\/v2\/pages\/4110"}],"collection":[{"href":"https:\/\/ltim.lt\/en\/wp-json\/wp\/v2\/pages"}],"about":[{"href":"https:\/\/ltim.lt\/en\/wp-json\/wp\/v2\/types\/page"}],"author":[{"embeddable":true,"href":"https:\/\/ltim.lt\/en\/wp-json\/wp\/v2\/users\/1"}],"replies":[{"embeddable":true,"href":"https:\/\/ltim.lt\/en\/wp-json\/wp\/v2\/comments?post=4110"}],"version-history":[{"count":2,"href":"https:\/\/ltim.lt\/en\/wp-json\/wp\/v2\/pages\/4110\/revisions"}],"predecessor-version":[{"id":4113,"href":"https:\/\/ltim.lt\/en\/wp-json\/wp\/v2\/pages\/4110\/revisions\/4113"}],"up":[{"embeddable":true,"href":"https:\/\/ltim.lt\/en\/wp-json\/wp\/v2\/pages\/153"}],"wp:attachment":[{"href":"https:\/\/ltim.lt\/en\/wp-json\/wp\/v2\/media?parent=4110"}],"curies":[{"name":"wp","href":"https:\/\/api.w.org\/{rel}","templated":true}]}}

Šventė Raižiuose XX a. šeštas deš.

<p><img loading="lazy" class="aligncenter size-medium" src="https://pirmynpopasauli.files.wordpress.com/2022/11/image-126.png" width="286" height="219" /></p>
<p style="text-align: center;">Šventė Raižiuose XX a. šeštas deš.</p>

<p>Šventė Raižiuose XX a. šeštas deš.</p>
