{"id":3887,"date":"2022-11-23T19:07:37","date_gmt":"2022-11-23T21:07:37","guid":{"rendered":"http:\/\/ltim.lt\/?page_id=3887"},"modified":"2022-11-23T19:08:21","modified_gmt":"2022-11-23T21:08:21","slug":"lietuvos-totoriu-burys","status":"publish","type":"page","link":"https:\/\/ltim.lt\/en\/galerija\/karyba\/istorija\/lietuvos-totoriu-burys\/","title":{"rendered":"Lietuvos totori\u0173 b\u016brys"},"content":{"rendered":"\t\t<div data-elementor-type=\"wp-page\" data-elementor-id=\"3887\" class=\"elementor elementor-3887\" data-elementor-settings=\"[]\">\n\t\t\t\t\t\t<div class=\"elementor-inner\">\n\t\t\t\t\t\t\t<div class=\"elementor-section-wrap\">\n\t\t\t\t\t\t\t<section class=\"elementor-section elementor-top-section elementor-element elementor-element-6632fc8 elementor-section-boxed elementor-section-height-default elementor-section-height-default\" data-id=\"6632fc8\" data-element_type=\"section\">\n\t\t\t\t\t\t<div class=\"elementor-container elementor-column-gap-default\">\n\t\t\t\t\t\t\t<div class=\"elementor-row\">\n\t\t\t\t\t<div class=\"elementor-column elementor-col-100 elementor-top-column elementor-element elementor-element-f89b825\" data-id=\"f89b825\" data-element_type=\"column\">\n\t\t\t<div class=\"elementor-column-wrap elementor-element-populated\">\n\t\t\t\t\t\t\t<div class=\"elementor-widget-wrap\">\n\t\t\t\t\t\t<div class=\"elementor-element elementor-element-6f80a1e elementor-view-default elementor-widget elementor-widget-icon\" data-id=\"6f80a1e\" data-element_type=\"widget\" data-widget_type=\"icon.default\">\n\t\t\t\t<div class=\"elementor-widget-container\">\n\t\t\t\t\t<div class=\"elementor-icon-wrapper\">\n\t\t\t<div class=\"elementor-icon\">\n\t\t\t<i aria-hidden=\"true\" class=\"fas fa-book-open\"><\/i>\t\t\t<\/div>\n\t\t<\/div>\n\t\t\t\t<\/div>\n\t\t\t\t<\/div>\n\t\t\t\t\t\t<\/div>\n\t\t\t\t\t<\/div>\n\t\t<\/div>\n\t\t\t\t\t\t\t\t<\/div>\n\t\t\t\t\t<\/div>\n\t\t<\/section>\n\t\t\t\t<section class=\"elementor-section elementor-top-section elementor-element elementor-element-722f6ba3 elementor-section-boxed elementor-section-height-default elementor-section-height-default\" data-id=\"722f6ba3\" data-element_type=\"section\">\n\t\t\t\t\t\t<div class=\"elementor-container elementor-column-gap-default\">\n\t\t\t\t\t\t\t<div class=\"elementor-row\">\n\t\t\t\t\t<div class=\"elementor-column elementor-col-100 elementor-top-column elementor-element elementor-element-592ddd49\" data-id=\"592ddd49\" data-element_type=\"column\">\n\t\t\t<div class=\"elementor-column-wrap elementor-element-populated\">\n\t\t\t\t\t\t\t<div class=\"elementor-widget-wrap\">\n\t\t\t\t\t\t<div class=\"elementor-element elementor-element-1e70224 elementor-widget elementor-widget-text-editor\" data-id=\"1e70224\" data-element_type=\"widget\" data-widget_type=\"text-editor.default\">\n\t\t\t\t<div class=\"elementor-widget-container\">\n\t\t\t\t\t<div class=\"elementor-text-editor elementor-clearfix\"><!-- wp:tadv\/classic-paragraph -->\n<p>S. Ru\u017eyckio vadovaujamas korpusas tur\u0117jo gr\u012f\u017eti nuo Lietuvos sienos kartu su generolo H. Dembinskio korpusu (1831 m. sukilimo metu). Rugpj\u016b\u010dio m\u0117nes\u012f Liublino vaivadijoje, P\u0161ytyko (Przytyk) apylink\u0117se, atsid\u016br\u0117 dar vienas totori\u0173 dalinys nuo Augustavo. Jis prisijung\u0117 prie generolo S. Ru\u017eyckio korpuso. R. O. fon \u0160pacyras \u0161\u012f b\u016br\u012f pavadino <strong>Lietuvos totori\u0173 b\u016briu<\/strong>. Jam vadovavo kapitonas Samuelis Beliakas, kil\u0119s i\u0161 senos totori\u0173 gimin\u0117s. B\u016brys buvo prijungtas prie 3-ojo voluin\u0117n\u0173 kavalerijos pulko eskadrono. Kariai vilk\u0117jo uniformas, gautas i\u0161 Rusijos kariuomen\u0117s Totori\u0173 ulon\u0173 pulko. Jos neatitiko kariuomen\u0117s reikalavim\u0173. Kapitonas S. Beliakas \u017euvo rugpj\u016b\u010dio 22 dien\u0105 netoli Ve\u017ebicos (Wierzbica). Jo laidotuv\u0117se dalyvav\u0119s karininkas E. Ber\u017eevi\u010dius (Berzewiczy) pasakojo, kad kareiviai nor\u0117jo palaidoti S. Beliak\u0105 po kry\u017eiumi, ta\u010diau totoriai i\u0161 Lietuvos, laikydamiesi savo senosios religijos, vietoj kry\u017eiaus \u012fkas\u0117 stulp\u0105 su u\u017era\u0161u.<\/p>\n<!-- \/wp:tadv\/classic-paragraph --><\/div>\n\t\t\t\t<\/div>\n\t\t\t\t<\/div>\n\t\t\t\t\t\t<\/div>\n\t\t\t\t\t<\/div>\n\t\t<\/div>\n\t\t\t\t\t\t\t\t<\/div>\n\t\t\t\t\t<\/div>\n\t\t<\/section>\n\t\t\t\t\t\t<\/div>\n\t\t\t\t\t\t<\/div>\n\t\t\t\t\t<\/div>\n\t\t","protected":false},"excerpt":{"rendered":"<p>S. Ru\u017eyckio vadovaujamas korpusas tur\u0117jo gr\u012f\u017eti nuo Lietuvos sienos kartu su generolo H. Dembinskio korpusu (1831 m. sukilimo metu). Rugpj\u016b\u010dio m\u0117nes\u012f Liublino vaivadijoje, P\u0161ytyko (Przytyk) apylink\u0117se, atsid\u016br\u0117 dar vienas totori\u0173 dalinys nuo Augustavo. Jis prisijung\u0117 prie generolo S. Ru\u017eyckio korpuso. R. O. fon \u0160pacyras \u0161\u012f b\u016br\u012f pavadino Lietuvos totori\u0173 b\u016briu. Jam vadovavo kapitonas Samuelis Beliakas, [&hellip;]<\/p>\n","protected":false},"author":1,"featured_media":0,"parent":3840,"menu_order":0,"comment_status":"closed","ping_status":"closed","template":"page-text.php","meta":[],"_links":{"self":[{"href":"https:\/\/ltim.lt\/en\/wp-json\/wp\/v2\/pages\/3887"}],"collection":[{"href":"https:\/\/ltim.lt\/en\/wp-json\/wp\/v2\/pages"}],"about":[{"href":"https:\/\/ltim.lt\/en\/wp-json\/wp\/v2\/types\/page"}],"author":[{"embeddable":true,"href":"https:\/\/ltim.lt\/en\/wp-json\/wp\/v2\/users\/1"}],"replies":[{"embeddable":true,"href":"https:\/\/ltim.lt\/en\/wp-json\/wp\/v2\/comments?post=3887"}],"version-history":[{"count":4,"href":"https:\/\/ltim.lt\/en\/wp-json\/wp\/v2\/pages\/3887\/revisions"}],"predecessor-version":[{"id":3891,"href":"https:\/\/ltim.lt\/en\/wp-json\/wp\/v2\/pages\/3887\/revisions\/3891"}],"up":[{"embeddable":true,"href":"https:\/\/ltim.lt\/en\/wp-json\/wp\/v2\/pages\/3840"}],"wp:attachment":[{"href":"https:\/\/ltim.lt\/en\/wp-json\/wp\/v2\/media?parent=3887"}],"curies":[{"name":"wp","href":"https:\/\/api.w.org\/{rel}","templated":true}]}}

Lietuvos totorių būrys

<div data-elementor-type="wp-page" data-elementor-id="3887" class="elementor elementor-3887" data-elementor-settings="[]">
						<div class="elementor-inner">
							<div class="elementor-section-wrap">
							<section class="elementor-section elementor-top-section elementor-element elementor-element-6632fc8 elementor-section-boxed elementor-section-height-default elementor-section-height-default" data-id="6632fc8" data-element_type="section">
						<div class="elementor-container elementor-column-gap-default">
							<div class="elementor-row">
					<div class="elementor-column elementor-col-100 elementor-top-column elementor-element elementor-element-f89b825" data-id="f89b825" data-element_type="column">
			<div class="elementor-column-wrap elementor-element-populated">
							<div class="elementor-widget-wrap">
						<div class="elementor-element elementor-element-6f80a1e elementor-view-default elementor-widget elementor-widget-icon" data-id="6f80a1e" data-element_type="widget" data-widget_type="icon.default">
				<div class="elementor-widget-container">
					<div class="elementor-icon-wrapper">
			<div class="elementor-icon">
			<i aria-hidden="true" class="fas fa-book-open"></i>			</div>
		</div>
				</div>
				</div>
						</div>
					</div>
		</div>
								</div>
					</div>
		</section>
				<section class="elementor-section elementor-top-section elementor-element elementor-element-722f6ba3 elementor-section-boxed elementor-section-height-default elementor-section-height-default" data-id="722f6ba3" data-element_type="section">
						<div class="elementor-container elementor-column-gap-default">
							<div class="elementor-row">
					<div class="elementor-column elementor-col-100 elementor-top-column elementor-element elementor-element-592ddd49" data-id="592ddd49" data-element_type="column">
			<div class="elementor-column-wrap elementor-element-populated">
							<div class="elementor-widget-wrap">
						<div class="elementor-element elementor-element-1e70224 elementor-widget elementor-widget-text-editor" data-id="1e70224" data-element_type="widget" data-widget_type="text-editor.default">
				<div class="elementor-widget-container">
					<div class="elementor-text-editor elementor-clearfix"><!-- wp:tadv/classic-paragraph -->
<p>S. Ružyckio vadovaujamas korpusas turėjo grįžti nuo Lietuvos sienos kartu su generolo H. Dembinskio korpusu (1831 m. sukilimo metu). Rugpjūčio mėnesį Liublino vaivadijoje, Pšytyko (Przytyk) apylinkėse, atsidūrė dar vienas totorių dalinys nuo Augustavo. Jis prisijungė prie generolo S. Ružyckio korpuso. R. O. fon Špacyras šį būrį pavadino <strong>Lietuvos totorių būriu</strong>. Jam vadovavo kapitonas Samuelis Beliakas, kilęs iš senos totorių giminės. Būrys buvo prijungtas prie 3-ojo voluinėnų kavalerijos pulko eskadrono. Kariai vilkėjo uniformas, gautas iš Rusijos kariuomenės Totorių ulonų pulko. Jos neatitiko kariuomenės reikalavimų. Kapitonas S. Beliakas žuvo rugpjūčio 22 dieną netoli Vežbicos (Wierzbica). Jo laidotuvėse dalyvavęs karininkas E. Berževičius (Berzewiczy) pasakojo, kad kareiviai norėjo palaidoti S. Beliaką po kryžiumi, tačiau totoriai iš Lietuvos, laikydamiesi savo senosios religijos, vietoj kryžiaus įkasė stulpą su užrašu.</p>
<!-- /wp:tadv/classic-paragraph --></div>
				</div>
				</div>
						</div>
					</div>
		</div>
								</div>
					</div>
		</section>
						</div>
						</div>
					</div>

<p>S. Ružyckio vadovaujamas korpusas turėjo grįžti nuo Lietuvos sienos kartu su generolo H. Dembinskio korpusu (1831 m. sukilimo metu). Rugpjūčio mėnesį Liublino vaivadijoje, Pšytyko (Przytyk) apylinkėse, atsidūrė dar vienas totorių dalinys nuo Augustavo. Jis prisijungė prie generolo S. Ružyckio korpuso. R. O. fon Špacyras šį būrį pavadino Lietuvos totorių būriu. Jam vadovavo kapitonas Samuelis Beliakas, [&hellip;]</p>
