{"id":3877,"date":"2022-11-23T18:54:33","date_gmt":"2022-11-23T20:54:33","guid":{"rendered":"http:\/\/ltim.lt\/?page_id=3877"},"modified":"2022-11-23T18:57:53","modified_gmt":"2022-11-23T20:57:53","slug":"1831-metu-sukilimo-savanoriai","status":"publish","type":"page","link":"https:\/\/ltim.lt\/en\/galerija\/karyba\/istorija\/1831-metu-sukilimo-savanoriai\/","title":{"rendered":"1831 met\u0173 sukilimo savanoriai"},"content":{"rendered":"\t\t<div data-elementor-type=\"wp-page\" data-elementor-id=\"3877\" class=\"elementor elementor-3877\" data-elementor-settings=\"[]\">\n\t\t\t\t\t\t<div class=\"elementor-inner\">\n\t\t\t\t\t\t\t<div class=\"elementor-section-wrap\">\n\t\t\t\t\t\t\t<section class=\"elementor-section elementor-top-section elementor-element elementor-element-5096b6f elementor-section-boxed elementor-section-height-default elementor-section-height-default\" data-id=\"5096b6f\" data-element_type=\"section\">\n\t\t\t\t\t\t<div class=\"elementor-container elementor-column-gap-default\">\n\t\t\t\t\t\t\t<div class=\"elementor-row\">\n\t\t\t\t\t<div class=\"elementor-column elementor-col-100 elementor-top-column elementor-element elementor-element-bd45fa8\" data-id=\"bd45fa8\" data-element_type=\"column\">\n\t\t\t<div class=\"elementor-column-wrap elementor-element-populated\">\n\t\t\t\t\t\t\t<div class=\"elementor-widget-wrap\">\n\t\t\t\t\t\t<div class=\"elementor-element elementor-element-d4ecd87 elementor-view-default elementor-widget elementor-widget-icon\" data-id=\"d4ecd87\" data-element_type=\"widget\" data-widget_type=\"icon.default\">\n\t\t\t\t<div class=\"elementor-widget-container\">\n\t\t\t\t\t<div class=\"elementor-icon-wrapper\">\n\t\t\t<div class=\"elementor-icon\">\n\t\t\t<i aria-hidden=\"true\" class=\"fas fa-book-open\"><\/i>\t\t\t<\/div>\n\t\t<\/div>\n\t\t\t\t<\/div>\n\t\t\t\t<\/div>\n\t\t\t\t\t\t<\/div>\n\t\t\t\t\t<\/div>\n\t\t<\/div>\n\t\t\t\t\t\t\t\t<\/div>\n\t\t\t\t\t<\/div>\n\t\t<\/section>\n\t\t\t\t<section class=\"elementor-section elementor-top-section elementor-element elementor-element-1431a604 elementor-section-boxed elementor-section-height-default elementor-section-height-default\" data-id=\"1431a604\" data-element_type=\"section\">\n\t\t\t\t\t\t<div class=\"elementor-container elementor-column-gap-default\">\n\t\t\t\t\t\t\t<div class=\"elementor-row\">\n\t\t\t\t\t<div class=\"elementor-column elementor-col-100 elementor-top-column elementor-element elementor-element-621a6a72\" data-id=\"621a6a72\" data-element_type=\"column\">\n\t\t\t<div class=\"elementor-column-wrap elementor-element-populated\">\n\t\t\t\t\t\t\t<div class=\"elementor-widget-wrap\">\n\t\t\t\t\t\t<div class=\"elementor-element elementor-element-5eb306dd elementor-widget elementor-widget-text-editor\" data-id=\"5eb306dd\" data-element_type=\"widget\" data-widget_type=\"text-editor.default\">\n\t\t\t\t<div class=\"elementor-widget-container\">\n\t\t\t\t\t<div class=\"elementor-text-editor elementor-clearfix\"><!-- wp:tadv\/classic-paragraph -->\n<p>Tarp 1831 met\u0173 sukilimo savanori\u0173 nema\u017ea buvo totori\u0173, nuo seno gyvenusi\u0173 Lietuvoje. Pirmiausia pamin\u0117tinas paporu\u010dnikis Juozas Baranauskas (J\u00f3zef Baranowski), tarnav\u0119s Lietuvi\u0173 rusin\u0173 legiono kavalerijos b\u016bryje. I\u0161silaisvinimo kovose pasiaukojimu pagars\u0117jo kapitonas Mustafa Achmatovi\u010dius (Mustafa Achmatowicz), poru\u010dnikas Baranauskas (Baranowski) ir paporu\u010dnikis Mateu\u0161as Janu\u0161evskis (Mateusz Januszewski) i\u0161 7-ojo ulon\u0173 pulko. Jie uoliai kov\u0117si m\u016b\u0161yje su rusais d\u0117l Ostrolenkos. \u017dinomi totoriai karininkai Jablonovskiai (Jab\u0142onowski), Jakubauskai (Jakubowski), Lisauskai (Lisowski), Baranauskai (Baranowski), \u0160\u010diuckiai (Szczucki) ir kiti. Paskutinio vyriausiojo vado generolo Motiejaus Rybinskio (Maciej Rybi\u0144ski) dokumentuose sura\u0161ytos Lietuvos totori\u0173, apdovanot\u0173 auksiniu Virtuti Militari kry\u017eiumi, pavard\u0117s: kapitonai Benediktas Achmatovi\u010dius (Benedykt Achmatowicz) ir Samuelis Muselevi\u010dius Murza (Samuel Musielewicz Murza), poru\u010dnikas Jonas Zdanovi\u010dius (Jan Zdanowicz), puskarininkiai Albertas Bu\u010diackis (Albert Buczacki) ir Kazimieras Mi\u0161kevi\u010dius (Kazimierz Mi\u015bkiewicz).<\/p>\n<!-- \/wp:tadv\/classic-paragraph --><\/div>\n\t\t\t\t<\/div>\n\t\t\t\t<\/div>\n\t\t\t\t\t\t<\/div>\n\t\t\t\t\t<\/div>\n\t\t<\/div>\n\t\t\t\t\t\t\t\t<\/div>\n\t\t\t\t\t<\/div>\n\t\t<\/section>\n\t\t\t\t<section class=\"elementor-section elementor-top-section elementor-element elementor-element-caf1476 elementor-section-boxed elementor-section-height-default elementor-section-height-default\" data-id=\"caf1476\" data-element_type=\"section\">\n\t\t\t\t\t\t<div class=\"elementor-container elementor-column-gap-default\">\n\t\t\t\t\t\t\t<div class=\"elementor-row\">\n\t\t\t\t\t<div class=\"elementor-column elementor-col-100 elementor-top-column elementor-element elementor-element-ea3d346\" data-id=\"ea3d346\" data-element_type=\"column\">\n\t\t\t<div class=\"elementor-column-wrap elementor-element-populated\">\n\t\t\t\t\t\t\t<div class=\"elementor-widget-wrap\">\n\t\t\t\t\t\t<div class=\"elementor-element elementor-element-b669b12 elementor-widget elementor-widget-text-editor\" data-id=\"b669b12\" data-element_type=\"widget\" data-widget_type=\"text-editor.default\">\n\t\t\t\t<div class=\"elementor-widget-container\">\n\t\t\t\t\t<div class=\"elementor-text-editor elementor-clearfix\"><p>M\u016b\u0161iuose su rusais ypa\u010d i\u0161siskyr\u0117 pulkininko Samuelio Murzos&nbsp;Ulano (Samuela Murza U\u0142an) totori\u0173 pulkas. Jis buvo suformuotas sausio&nbsp;m\u0117nes\u012f. Pulke tarnavo keliolika musulmon\u0173 karinink\u0173, o kari\u0173 skai\u010dius&nbsp;siek\u0117 keturias de\u0161imtis. Yra \u017einomi \u0161ie b\u016brio kovotojai: Sobeslavas Kry\u010dynskis (Sobies\u0142aw Kryczy\u0144ski), Jaroslavas Ledzinskis (Jaros\u0142aw Ledzi\u0144ski),&nbsp;Stefanas Ju\u0161ynskis (Stefan Juszy\u0144ski) ir trys T. Kosciu\u0161kos sukilime pagars\u0117jusio totori\u0173 pulkininko Juzefo Beliako (J\u00f3zef Bielak) s\u016bn\u016bs. Pulkas&nbsp;priklaus\u0117 generolo S. Ru\u017eyckio korpusui ir tur\u0117jo tarnauti kaip kadrinis&nbsp;vienetas formuojant didesn\u012f totori\u0173 dalin\u012f j\u0173 gyvenviet\u0117se Lietuvoje. To&nbsp;neprireik\u0117, nes \u0161i id\u0117ja sumanyta perv\u0117lai, kai sukilimas Lietuvoje jau geso.<\/p><\/div>\n\t\t\t\t<\/div>\n\t\t\t\t<\/div>\n\t\t\t\t\t\t<\/div>\n\t\t\t\t\t<\/div>\n\t\t<\/div>\n\t\t\t\t\t\t\t\t<\/div>\n\t\t\t\t\t<\/div>\n\t\t<\/section>\n\t\t\t\t\t\t<\/div>\n\t\t\t\t\t\t<\/div>\n\t\t\t\t\t<\/div>\n\t\t","protected":false},"excerpt":{"rendered":"<p>Tarp 1831 met\u0173 sukilimo savanori\u0173 nema\u017ea buvo totori\u0173, nuo seno gyvenusi\u0173 Lietuvoje. Pirmiausia pamin\u0117tinas paporu\u010dnikis Juozas Baranauskas (J\u00f3zef Baranowski), tarnav\u0119s Lietuvi\u0173 rusin\u0173 legiono kavalerijos b\u016bryje. I\u0161silaisvinimo kovose pasiaukojimu pagars\u0117jo kapitonas Mustafa Achmatovi\u010dius (Mustafa Achmatowicz), poru\u010dnikas Baranauskas (Baranowski) ir paporu\u010dnikis Mateu\u0161as Janu\u0161evskis (Mateusz Januszewski) i\u0161 7-ojo ulon\u0173 pulko. Jie uoliai kov\u0117si m\u016b\u0161yje su rusais d\u0117l Ostrolenkos. [&hellip;]<\/p>\n","protected":false},"author":1,"featured_media":0,"parent":3840,"menu_order":0,"comment_status":"closed","ping_status":"closed","template":"page-text.php","meta":[],"_links":{"self":[{"href":"https:\/\/ltim.lt\/en\/wp-json\/wp\/v2\/pages\/3877"}],"collection":[{"href":"https:\/\/ltim.lt\/en\/wp-json\/wp\/v2\/pages"}],"about":[{"href":"https:\/\/ltim.lt\/en\/wp-json\/wp\/v2\/types\/page"}],"author":[{"embeddable":true,"href":"https:\/\/ltim.lt\/en\/wp-json\/wp\/v2\/users\/1"}],"replies":[{"embeddable":true,"href":"https:\/\/ltim.lt\/en\/wp-json\/wp\/v2\/comments?post=3877"}],"version-history":[{"count":7,"href":"https:\/\/ltim.lt\/en\/wp-json\/wp\/v2\/pages\/3877\/revisions"}],"predecessor-version":[{"id":3884,"href":"https:\/\/ltim.lt\/en\/wp-json\/wp\/v2\/pages\/3877\/revisions\/3884"}],"up":[{"embeddable":true,"href":"https:\/\/ltim.lt\/en\/wp-json\/wp\/v2\/pages\/3840"}],"wp:attachment":[{"href":"https:\/\/ltim.lt\/en\/wp-json\/wp\/v2\/media?parent=3877"}],"curies":[{"name":"wp","href":"https:\/\/api.w.org\/{rel}","templated":true}]}}

1831 metų sukilimo savanoriai

<div data-elementor-type="wp-page" data-elementor-id="3877" class="elementor elementor-3877" data-elementor-settings="[]">
						<div class="elementor-inner">
							<div class="elementor-section-wrap">
							<section class="elementor-section elementor-top-section elementor-element elementor-element-5096b6f elementor-section-boxed elementor-section-height-default elementor-section-height-default" data-id="5096b6f" data-element_type="section">
						<div class="elementor-container elementor-column-gap-default">
							<div class="elementor-row">
					<div class="elementor-column elementor-col-100 elementor-top-column elementor-element elementor-element-bd45fa8" data-id="bd45fa8" data-element_type="column">
			<div class="elementor-column-wrap elementor-element-populated">
							<div class="elementor-widget-wrap">
						<div class="elementor-element elementor-element-d4ecd87 elementor-view-default elementor-widget elementor-widget-icon" data-id="d4ecd87" data-element_type="widget" data-widget_type="icon.default">
				<div class="elementor-widget-container">
					<div class="elementor-icon-wrapper">
			<div class="elementor-icon">
			<i aria-hidden="true" class="fas fa-book-open"></i>			</div>
		</div>
				</div>
				</div>
						</div>
					</div>
		</div>
								</div>
					</div>
		</section>
				<section class="elementor-section elementor-top-section elementor-element elementor-element-1431a604 elementor-section-boxed elementor-section-height-default elementor-section-height-default" data-id="1431a604" data-element_type="section">
						<div class="elementor-container elementor-column-gap-default">
							<div class="elementor-row">
					<div class="elementor-column elementor-col-100 elementor-top-column elementor-element elementor-element-621a6a72" data-id="621a6a72" data-element_type="column">
			<div class="elementor-column-wrap elementor-element-populated">
							<div class="elementor-widget-wrap">
						<div class="elementor-element elementor-element-5eb306dd elementor-widget elementor-widget-text-editor" data-id="5eb306dd" data-element_type="widget" data-widget_type="text-editor.default">
				<div class="elementor-widget-container">
					<div class="elementor-text-editor elementor-clearfix"><!-- wp:tadv/classic-paragraph -->
<p>Tarp 1831 metų sukilimo savanorių nemaža buvo totorių, nuo seno gyvenusių Lietuvoje. Pirmiausia paminėtinas paporučnikis Juozas Baranauskas (Józef Baranowski), tarnavęs Lietuvių rusinų legiono kavalerijos būryje. Išsilaisvinimo kovose pasiaukojimu pagarsėjo kapitonas Mustafa Achmatovičius (Mustafa Achmatowicz), poručnikas Baranauskas (Baranowski) ir paporučnikis Mateušas Januševskis (Mateusz Januszewski) iš 7-ojo ulonų pulko. Jie uoliai kovėsi mūšyje su rusais dėl Ostrolenkos. Žinomi totoriai karininkai Jablonovskiai (Jabłonowski), Jakubauskai (Jakubowski), Lisauskai (Lisowski), Baranauskai (Baranowski), Ščiuckiai (Szczucki) ir kiti. Paskutinio vyriausiojo vado generolo Motiejaus Rybinskio (Maciej Rybiński) dokumentuose surašytos Lietuvos totorių, apdovanotų auksiniu Virtuti Militari kryžiumi, pavardės: kapitonai Benediktas Achmatovičius (Benedykt Achmatowicz) ir Samuelis Muselevičius Murza (Samuel Musielewicz Murza), poručnikas Jonas Zdanovičius (Jan Zdanowicz), puskarininkiai Albertas Bučiackis (Albert Buczacki) ir Kazimieras Miškevičius (Kazimierz Miśkiewicz).</p>
<!-- /wp:tadv/classic-paragraph --></div>
				</div>
				</div>
						</div>
					</div>
		</div>
								</div>
					</div>
		</section>
				<section class="elementor-section elementor-top-section elementor-element elementor-element-caf1476 elementor-section-boxed elementor-section-height-default elementor-section-height-default" data-id="caf1476" data-element_type="section">
						<div class="elementor-container elementor-column-gap-default">
							<div class="elementor-row">
					<div class="elementor-column elementor-col-100 elementor-top-column elementor-element elementor-element-ea3d346" data-id="ea3d346" data-element_type="column">
			<div class="elementor-column-wrap elementor-element-populated">
							<div class="elementor-widget-wrap">
						<div class="elementor-element elementor-element-b669b12 elementor-widget elementor-widget-text-editor" data-id="b669b12" data-element_type="widget" data-widget_type="text-editor.default">
				<div class="elementor-widget-container">
					<div class="elementor-text-editor elementor-clearfix"><p>Mūšiuose su rusais ypač išsiskyrė pulkininko Samuelio Murzos&nbsp;Ulano (Samuela Murza Ułan) totorių pulkas. Jis buvo suformuotas sausio&nbsp;mėnesį. Pulke tarnavo keliolika musulmonų karininkų, o karių skaičius&nbsp;siekė keturias dešimtis. Yra žinomi šie būrio kovotojai: Sobeslavas Kryčynskis (Sobiesław Kryczyński), Jaroslavas Ledzinskis (Jarosław Ledziński),&nbsp;Stefanas Jušynskis (Stefan Juszyński) ir trys T. Kosciuškos sukilime pagarsėjusio totorių pulkininko Juzefo Beliako (Józef Bielak) sūnūs. Pulkas&nbsp;priklausė generolo S. Ružyckio korpusui ir turėjo tarnauti kaip kadrinis&nbsp;vienetas formuojant didesnį totorių dalinį jų gyvenvietėse Lietuvoje. To&nbsp;neprireikė, nes ši idėja sumanyta pervėlai, kai sukilimas Lietuvoje jau geso.</p></div>
				</div>
				</div>
						</div>
					</div>
		</div>
								</div>
					</div>
		</section>
						</div>
						</div>
					</div>

<p>Tarp 1831 metų sukilimo savanorių nemaža buvo totorių, nuo seno gyvenusių Lietuvoje. Pirmiausia paminėtinas paporučnikis Juozas Baranauskas (Józef Baranowski), tarnavęs Lietuvių rusinų legiono kavalerijos būryje. Išsilaisvinimo kovose pasiaukojimu pagarsėjo kapitonas Mustafa Achmatovičius (Mustafa Achmatowicz), poručnikas Baranauskas (Baranowski) ir paporučnikis Mateušas Januševskis (Mateusz Januszewski) iš 7-ojo ulonų pulko. Jie uoliai kovėsi mūšyje su rusais dėl Ostrolenkos. [&hellip;]</p>
