{"id":3867,"date":"2022-11-23T18:41:55","date_gmt":"2022-11-23T20:41:55","guid":{"rendered":"http:\/\/ltim.lt\/?page_id=3867"},"modified":"2022-11-23T18:43:11","modified_gmt":"2022-11-23T20:43:11","slug":"ulono-vardo-kilmes-istorija","status":"publish","type":"page","link":"https:\/\/ltim.lt\/en\/galerija\/karyba\/istorija\/ulono-vardo-kilmes-istorija\/","title":{"rendered":"\u201eUlono\u201c vardo kilm\u0117s istorija"},"content":{"rendered":"\t\t<div data-elementor-type=\"wp-page\" data-elementor-id=\"3867\" class=\"elementor elementor-3867\" data-elementor-settings=\"[]\">\n\t\t\t\t\t\t<div class=\"elementor-inner\">\n\t\t\t\t\t\t\t<div class=\"elementor-section-wrap\">\n\t\t\t\t\t\t\t<section class=\"elementor-section elementor-top-section elementor-element elementor-element-ad4817e elementor-section-boxed elementor-section-height-default elementor-section-height-default\" data-id=\"ad4817e\" data-element_type=\"section\">\n\t\t\t\t\t\t<div class=\"elementor-container elementor-column-gap-default\">\n\t\t\t\t\t\t\t<div class=\"elementor-row\">\n\t\t\t\t\t<div class=\"elementor-column elementor-col-100 elementor-top-column elementor-element elementor-element-1c0be97\" data-id=\"1c0be97\" data-element_type=\"column\">\n\t\t\t<div class=\"elementor-column-wrap elementor-element-populated\">\n\t\t\t\t\t\t\t<div class=\"elementor-widget-wrap\">\n\t\t\t\t\t\t<div class=\"elementor-element elementor-element-f0733a8 elementor-view-default elementor-widget elementor-widget-icon\" data-id=\"f0733a8\" data-element_type=\"widget\" data-widget_type=\"icon.default\">\n\t\t\t\t<div class=\"elementor-widget-container\">\n\t\t\t\t\t<div class=\"elementor-icon-wrapper\">\n\t\t\t<div class=\"elementor-icon\">\n\t\t\t<i aria-hidden=\"true\" class=\"fas fa-book-open\"><\/i>\t\t\t<\/div>\n\t\t<\/div>\n\t\t\t\t<\/div>\n\t\t\t\t<\/div>\n\t\t\t\t\t\t<\/div>\n\t\t\t\t\t<\/div>\n\t\t<\/div>\n\t\t\t\t\t\t\t\t<\/div>\n\t\t\t\t\t<\/div>\n\t\t<\/section>\n\t\t\t\t<section class=\"elementor-section elementor-top-section elementor-element elementor-element-4f8ed4c2 elementor-section-boxed elementor-section-height-default elementor-section-height-default\" data-id=\"4f8ed4c2\" data-element_type=\"section\">\n\t\t\t\t\t\t<div class=\"elementor-container elementor-column-gap-default\">\n\t\t\t\t\t\t\t<div class=\"elementor-row\">\n\t\t\t\t\t<div class=\"elementor-column elementor-col-100 elementor-top-column elementor-element elementor-element-10cb1c5d\" data-id=\"10cb1c5d\" data-element_type=\"column\">\n\t\t\t<div class=\"elementor-column-wrap elementor-element-populated\">\n\t\t\t\t\t\t\t<div class=\"elementor-widget-wrap\">\n\t\t\t\t\t\t<div class=\"elementor-element elementor-element-26e5b7f7 elementor-widget elementor-widget-text-editor\" data-id=\"26e5b7f7\" data-element_type=\"widget\" data-widget_type=\"text-editor.default\">\n\t\t\t\t<div class=\"elementor-widget-container\">\n\t\t\t\t\t<div class=\"elementor-text-editor elementor-clearfix\"><!-- wp:tadv\/classic-paragraph -->\n<p>\u201eUlon\u0173\u201c pavadinimas kildinamas i\u0161 pana\u0161aus tiurki\u0161kos kip\u010diak\u0173 (polovc\u0173) kalbos termino, Aukso ordoje ir kitose mongol\u0173 valstyb\u0117se rei\u0161kusio kilming\u0105 jaunuol\u012f kar\u012f. Ulonais save vadino ir vakar\u0173 mongolai \u2013 kalmukai, paskutiniai klajokliai, XVII a. migrav\u0119 i\u0161 Ryt\u0173 prie Volgos. Reguliar\u016bs ulon\u0173 daliniai buvo formuojami nuo XVIII a. Manoma, kad apie 1730 m. totori\u0173 kilm\u0117s pulkininko Aleksandro Ulano vadovaujamas Lietuvos Did\u017eiosios Kunigaik\u0161tyst\u0117s totori\u0173 pulkas buvo prad\u0117tas vadinti pagal jo vado pavard\u0119 \u2013 ulonais. Nuo \u0161io pulko pavadinimas paplito Lietuvoje, Lenkijoje, Saksonijoje ir kitur.<\/p>\n<!-- \/wp:tadv\/classic-paragraph --><\/div>\n\t\t\t\t<\/div>\n\t\t\t\t<\/div>\n\t\t\t\t\t\t<\/div>\n\t\t\t\t\t<\/div>\n\t\t<\/div>\n\t\t\t\t\t\t\t\t<\/div>\n\t\t\t\t\t<\/div>\n\t\t<\/section>\n\t\t\t\t\t\t<\/div>\n\t\t\t\t\t\t<\/div>\n\t\t\t\t\t<\/div>\n\t\t","protected":false},"excerpt":{"rendered":"<p>\u201eUlon\u0173\u201c pavadinimas kildinamas i\u0161 pana\u0161aus tiurki\u0161kos kip\u010diak\u0173 (polovc\u0173) kalbos termino, Aukso ordoje ir kitose mongol\u0173 valstyb\u0117se rei\u0161kusio kilming\u0105 jaunuol\u012f kar\u012f. Ulonais save vadino ir vakar\u0173 mongolai \u2013 kalmukai, paskutiniai klajokliai, XVII a. migrav\u0119 i\u0161 Ryt\u0173 prie Volgos. Reguliar\u016bs ulon\u0173 daliniai buvo formuojami nuo XVIII a. Manoma, kad apie 1730 m. totori\u0173 kilm\u0117s pulkininko Aleksandro Ulano [&hellip;]<\/p>\n","protected":false},"author":1,"featured_media":0,"parent":3840,"menu_order":0,"comment_status":"closed","ping_status":"closed","template":"page-text.php","meta":[],"_links":{"self":[{"href":"https:\/\/ltim.lt\/en\/wp-json\/wp\/v2\/pages\/3867"}],"collection":[{"href":"https:\/\/ltim.lt\/en\/wp-json\/wp\/v2\/pages"}],"about":[{"href":"https:\/\/ltim.lt\/en\/wp-json\/wp\/v2\/types\/page"}],"author":[{"embeddable":true,"href":"https:\/\/ltim.lt\/en\/wp-json\/wp\/v2\/users\/1"}],"replies":[{"embeddable":true,"href":"https:\/\/ltim.lt\/en\/wp-json\/wp\/v2\/comments?post=3867"}],"version-history":[{"count":4,"href":"https:\/\/ltim.lt\/en\/wp-json\/wp\/v2\/pages\/3867\/revisions"}],"predecessor-version":[{"id":3871,"href":"https:\/\/ltim.lt\/en\/wp-json\/wp\/v2\/pages\/3867\/revisions\/3871"}],"up":[{"embeddable":true,"href":"https:\/\/ltim.lt\/en\/wp-json\/wp\/v2\/pages\/3840"}],"wp:attachment":[{"href":"https:\/\/ltim.lt\/en\/wp-json\/wp\/v2\/media?parent=3867"}],"curies":[{"name":"wp","href":"https:\/\/api.w.org\/{rel}","templated":true}]}}

„Ulono“ vardo kilmės istorija

<div data-elementor-type="wp-page" data-elementor-id="3867" class="elementor elementor-3867" data-elementor-settings="[]">
						<div class="elementor-inner">
							<div class="elementor-section-wrap">
							<section class="elementor-section elementor-top-section elementor-element elementor-element-ad4817e elementor-section-boxed elementor-section-height-default elementor-section-height-default" data-id="ad4817e" data-element_type="section">
						<div class="elementor-container elementor-column-gap-default">
							<div class="elementor-row">
					<div class="elementor-column elementor-col-100 elementor-top-column elementor-element elementor-element-1c0be97" data-id="1c0be97" data-element_type="column">
			<div class="elementor-column-wrap elementor-element-populated">
							<div class="elementor-widget-wrap">
						<div class="elementor-element elementor-element-f0733a8 elementor-view-default elementor-widget elementor-widget-icon" data-id="f0733a8" data-element_type="widget" data-widget_type="icon.default">
				<div class="elementor-widget-container">
					<div class="elementor-icon-wrapper">
			<div class="elementor-icon">
			<i aria-hidden="true" class="fas fa-book-open"></i>			</div>
		</div>
				</div>
				</div>
						</div>
					</div>
		</div>
								</div>
					</div>
		</section>
				<section class="elementor-section elementor-top-section elementor-element elementor-element-4f8ed4c2 elementor-section-boxed elementor-section-height-default elementor-section-height-default" data-id="4f8ed4c2" data-element_type="section">
						<div class="elementor-container elementor-column-gap-default">
							<div class="elementor-row">
					<div class="elementor-column elementor-col-100 elementor-top-column elementor-element elementor-element-10cb1c5d" data-id="10cb1c5d" data-element_type="column">
			<div class="elementor-column-wrap elementor-element-populated">
							<div class="elementor-widget-wrap">
						<div class="elementor-element elementor-element-26e5b7f7 elementor-widget elementor-widget-text-editor" data-id="26e5b7f7" data-element_type="widget" data-widget_type="text-editor.default">
				<div class="elementor-widget-container">
					<div class="elementor-text-editor elementor-clearfix"><!-- wp:tadv/classic-paragraph -->
<p>„Ulonų“ pavadinimas kildinamas iš panašaus tiurkiškos kipčiakų (polovcų) kalbos termino, Aukso ordoje ir kitose mongolų valstybėse reiškusio kilmingą jaunuolį karį. Ulonais save vadino ir vakarų mongolai – kalmukai, paskutiniai klajokliai, XVII a. migravę iš Rytų prie Volgos. Reguliarūs ulonų daliniai buvo formuojami nuo XVIII a. Manoma, kad apie 1730 m. totorių kilmės pulkininko Aleksandro Ulano vadovaujamas Lietuvos Didžiosios Kunigaikštystės totorių pulkas buvo pradėtas vadinti pagal jo vado pavardę – ulonais. Nuo šio pulko pavadinimas paplito Lietuvoje, Lenkijoje, Saksonijoje ir kitur.</p>
<!-- /wp:tadv/classic-paragraph --></div>
				</div>
				</div>
						</div>
					</div>
		</div>
								</div>
					</div>
		</section>
						</div>
						</div>
					</div>

<p>„Ulonų“ pavadinimas kildinamas iš panašaus tiurkiškos kipčiakų (polovcų) kalbos termino, Aukso ordoje ir kitose mongolų valstybėse reiškusio kilmingą jaunuolį karį. Ulonais save vadino ir vakarų mongolai – kalmukai, paskutiniai klajokliai, XVII a. migravę iš Rytų prie Volgos. Reguliarūs ulonų daliniai buvo formuojami nuo XVIII a. Manoma, kad apie 1730 m. totorių kilmės pulkininko Aleksandro Ulano [&hellip;]</p>
