{"id":3758,"date":"2022-11-16T20:50:24","date_gmt":"2022-11-16T22:50:24","guid":{"rendered":"http:\/\/ltim.lt\/?page_id=3758"},"modified":"2022-11-16T20:50:25","modified_gmt":"2022-11-16T22:50:25","slug":"makulaviciu-seima-raiziuose","status":"publish","type":"page","link":"https:\/\/ltim.lt\/en\/galerija\/vietoves\/alytus\/makulaviciu-seima-raiziuose\/","title":{"rendered":"Makulavi\u010di\u0173 \u0161eima Rai\u017eiuose"},"content":{"rendered":"\n<p><img loading=\"lazy\" class=\"aligncenter size-medium\" src=\"https:\/\/pirmynpopasauli.files.wordpress.com\/2022\/11\/image-46.png\" width=\"931\" height=\"666\" \/><\/p>\n<p style=\"text-align: center;\">Makulavi\u010di\u0173 \u0161eima Rai\u017eiuose, XX a. 6 de\u0161.<\/p>\n","protected":false},"excerpt":{"rendered":"<p>Makulavi\u010di\u0173 \u0161eima Rai\u017eiuose, XX a. 6 de\u0161.<\/p>\n","protected":false},"author":1,"featured_media":0,"parent":153,"menu_order":0,"comment_status":"closed","ping_status":"closed","template":"page-text.php","meta":[],"_links":{"self":[{"href":"https:\/\/ltim.lt\/en\/wp-json\/wp\/v2\/pages\/3758"}],"collection":[{"href":"https:\/\/ltim.lt\/en\/wp-json\/wp\/v2\/pages"}],"about":[{"href":"https:\/\/ltim.lt\/en\/wp-json\/wp\/v2\/types\/page"}],"author":[{"embeddable":true,"href":"https:\/\/ltim.lt\/en\/wp-json\/wp\/v2\/users\/1"}],"replies":[{"embeddable":true,"href":"https:\/\/ltim.lt\/en\/wp-json\/wp\/v2\/comments?post=3758"}],"version-history":[{"count":1,"href":"https:\/\/ltim.lt\/en\/wp-json\/wp\/v2\/pages\/3758\/revisions"}],"predecessor-version":[{"id":3759,"href":"https:\/\/ltim.lt\/en\/wp-json\/wp\/v2\/pages\/3758\/revisions\/3759"}],"up":[{"embeddable":true,"href":"https:\/\/ltim.lt\/en\/wp-json\/wp\/v2\/pages\/153"}],"wp:attachment":[{"href":"https:\/\/ltim.lt\/en\/wp-json\/wp\/v2\/media?parent=3758"}],"curies":[{"name":"wp","href":"https:\/\/api.w.org\/{rel}","templated":true}]}}

Makulavičių šeima Raižiuose

<p><img loading="lazy" class="aligncenter size-medium" src="https://pirmynpopasauli.files.wordpress.com/2022/11/image-46.png" width="931" height="666" /></p>
<p style="text-align: center;">Makulavičių šeima Raižiuose, XX a. 6 deš.</p>

<p>Makulavičių šeima Raižiuose, XX a. 6 deš.</p>
