{"id":3729,"date":"2022-11-16T20:26:07","date_gmt":"2022-11-16T22:26:07","guid":{"rendered":"http:\/\/ltim.lt\/?page_id=3729"},"modified":"2022-11-16T20:33:04","modified_gmt":"2022-11-16T22:33:04","slug":"raiziu-kaimo-gyventoju-makulaviciu-bagdonaviciu-seimu-nuotrauka","status":"publish","type":"page","link":"https:\/\/ltim.lt\/en\/galerija\/vietoves\/alytus\/raiziu-kaimo-gyventoju-makulaviciu-bagdonaviciu-seimu-nuotrauka\/","title":{"rendered":"Rai\u017ei\u0173 kaimo gyventoj\u0173 (Makulavi\u010di\u0173-Bagdonavi\u010di\u0173 \u0161eim\u0173) nuotrauka"},"content":{"rendered":"\n<p><img loading=\"lazy\" class=\"aligncenter size-medium\" src=\"https:\/\/pirmynpopasauli.files.wordpress.com\/2022\/11\/image-33.png?w=1024\" width=\"1023\" height=\"727\" \/><\/p>\n<p style=\"text-align: center;\">Rai\u017ei\u0173 kaimo gyventoj\u0173 (Makulavi\u010di\u0173-Bagdonavi\u010di\u0173 \u0161eim\u0173) nuotrauka, XX a. 6 de\u0161.<\/p>\n","protected":false},"excerpt":{"rendered":"<p>Rai\u017ei\u0173 kaimo gyventoj\u0173 (Makulavi\u010di\u0173-Bagdonavi\u010di\u0173 \u0161eim\u0173) nuotrauka, XX a. 6 de\u0161.<\/p>\n","protected":false},"author":1,"featured_media":0,"parent":153,"menu_order":0,"comment_status":"closed","ping_status":"closed","template":"page-text.php","meta":[],"_links":{"self":[{"href":"https:\/\/ltim.lt\/en\/wp-json\/wp\/v2\/pages\/3729"}],"collection":[{"href":"https:\/\/ltim.lt\/en\/wp-json\/wp\/v2\/pages"}],"about":[{"href":"https:\/\/ltim.lt\/en\/wp-json\/wp\/v2\/types\/page"}],"author":[{"embeddable":true,"href":"https:\/\/ltim.lt\/en\/wp-json\/wp\/v2\/users\/1"}],"replies":[{"embeddable":true,"href":"https:\/\/ltim.lt\/en\/wp-json\/wp\/v2\/comments?post=3729"}],"version-history":[{"count":1,"href":"https:\/\/ltim.lt\/en\/wp-json\/wp\/v2\/pages\/3729\/revisions"}],"predecessor-version":[{"id":3732,"href":"https:\/\/ltim.lt\/en\/wp-json\/wp\/v2\/pages\/3729\/revisions\/3732"}],"up":[{"embeddable":true,"href":"https:\/\/ltim.lt\/en\/wp-json\/wp\/v2\/pages\/153"}],"wp:attachment":[{"href":"https:\/\/ltim.lt\/en\/wp-json\/wp\/v2\/media?parent=3729"}],"curies":[{"name":"wp","href":"https:\/\/api.w.org\/{rel}","templated":true}]}}

Raižių kaimo gyventojų (Makulavičių-Bagdonavičių šeimų) nuotrauka

<p><img loading="lazy" class="aligncenter size-medium" src="https://pirmynpopasauli.files.wordpress.com/2022/11/image-33.png?w=1024" width="1023" height="727" /></p>
<p style="text-align: center;">Raižių kaimo gyventojų (Makulavičių-Bagdonavičių šeimų) nuotrauka, XX a. 6 deš.</p>

<p>Raižių kaimo gyventojų (Makulavičių-Bagdonavičių šeimų) nuotrauka, XX a. 6 deš.</p>
