{"id":3009,"date":"2022-10-09T12:06:13","date_gmt":"2022-10-09T14:06:13","guid":{"rendered":"http:\/\/ltim.lt\/?page_id=3009"},"modified":"2022-10-09T12:06:14","modified_gmt":"2022-10-09T14:06:14","slug":"paveikslas-raiziai-sventes-metu-2010-m","status":"publish","type":"page","link":"https:\/\/ltim.lt\/en\/galerija\/vietoves\/alytus\/paveikslas-raiziai-sventes-metu-2010-m\/","title":{"rendered":"Paveikslas \u201eRai\u017eiai \u0161vent\u0117s metu\u201c 2010 m."},"content":{"rendered":"\n<p>Paminklo, skirto Vytauto Did\u017eiajam ir \u017dalgirio m\u016b\u0161iui atminti, atidengimo metu, dailininkas \u0160vurmickas su kolegomis tapo paveiksl\u0105 \u201eRai\u017eiai \u0161vent\u0117s metu\u201c 2010 m.<\/p>\n","protected":false},"excerpt":{"rendered":"<p>Paminklo, skirto Vytauto Did\u017eiajam ir \u017dalgirio m\u016b\u0161iui atminti, atidengimo metu, dailininkas \u0160vurmickas su kolegomis tapo paveiksl\u0105 \u201eRai\u017eiai \u0161vent\u0117s metu\u201c 2010 m.<\/p>\n","protected":false},"author":1,"featured_media":3011,"parent":153,"menu_order":0,"comment_status":"closed","ping_status":"closed","template":"page-gallery-inside.php","meta":[],"_links":{"self":[{"href":"https:\/\/ltim.lt\/en\/wp-json\/wp\/v2\/pages\/3009"}],"collection":[{"href":"https:\/\/ltim.lt\/en\/wp-json\/wp\/v2\/pages"}],"about":[{"href":"https:\/\/ltim.lt\/en\/wp-json\/wp\/v2\/types\/page"}],"author":[{"embeddable":true,"href":"https:\/\/ltim.lt\/en\/wp-json\/wp\/v2\/users\/1"}],"replies":[{"embeddable":true,"href":"https:\/\/ltim.lt\/en\/wp-json\/wp\/v2\/comments?post=3009"}],"version-history":[{"count":2,"href":"https:\/\/ltim.lt\/en\/wp-json\/wp\/v2\/pages\/3009\/revisions"}],"predecessor-version":[{"id":3013,"href":"https:\/\/ltim.lt\/en\/wp-json\/wp\/v2\/pages\/3009\/revisions\/3013"}],"up":[{"embeddable":true,"href":"https:\/\/ltim.lt\/en\/wp-json\/wp\/v2\/pages\/153"}],"wp:featuredmedia":[{"embeddable":true,"href":"https:\/\/ltim.lt\/en\/wp-json\/wp\/v2\/media\/3011"}],"wp:attachment":[{"href":"https:\/\/ltim.lt\/en\/wp-json\/wp\/v2\/media?parent=3009"}],"curies":[{"name":"wp","href":"https:\/\/api.w.org\/{rel}","templated":true}]}}

Paveikslas „Raižiai šventės metu“ 2010 m.

<p>Paminklo, skirto Vytauto Didžiajam ir Žalgirio mūšiui atminti, atidengimo metu, dailininkas Švurmickas su kolegomis tapo paveikslą „Raižiai šventės metu“ 2010 m.</p>
