{"id":3005,"date":"2022-10-09T12:01:00","date_gmt":"2022-10-09T14:01:00","guid":{"rendered":"http:\/\/ltim.lt\/?page_id=3005"},"modified":"2022-10-09T12:01:01","modified_gmt":"2022-10-09T14:01:01","slug":"paminklo-zalgirio-musiui-ir-vytautui-didziajam-atminti-autoriai","status":"publish","type":"page","link":"https:\/\/ltim.lt\/en\/galerija\/vietoves\/alytus\/paminklo-zalgirio-musiui-ir-vytautui-didziajam-atminti-autoriai\/","title":{"rendered":"Paminklo \u201e\u017dalgirio m\u016b\u0161iui ir Vytautui Did\u017eiajam atminti\u201c autoriai"},"content":{"rendered":"\n<p>Skulptorius Jonas Jag\u0117la ir architektas Romas Bal\u010dius. Paminklo \u201e\u017dalgirio m\u016b\u0161iui ir Vytautui Did\u017eiajam atminti\u201c Rai\u017eiuose, autoriai, mecenatai.<\/p>\n","protected":false},"excerpt":{"rendered":"<p>Skulptorius Jonas Jag\u0117la ir architektas Romas Bal\u010dius. Paminklo \u201e\u017dalgirio m\u016b\u0161iui ir Vytautui Did\u017eiajam atminti\u201c Rai\u017eiuose, autoriai, mecenatai.<\/p>\n","protected":false},"author":1,"featured_media":3006,"parent":153,"menu_order":0,"comment_status":"closed","ping_status":"closed","template":"page-gallery-inside.php","meta":[],"_links":{"self":[{"href":"https:\/\/ltim.lt\/en\/wp-json\/wp\/v2\/pages\/3005"}],"collection":[{"href":"https:\/\/ltim.lt\/en\/wp-json\/wp\/v2\/pages"}],"about":[{"href":"https:\/\/ltim.lt\/en\/wp-json\/wp\/v2\/types\/page"}],"author":[{"embeddable":true,"href":"https:\/\/ltim.lt\/en\/wp-json\/wp\/v2\/users\/1"}],"replies":[{"embeddable":true,"href":"https:\/\/ltim.lt\/en\/wp-json\/wp\/v2\/comments?post=3005"}],"version-history":[{"count":2,"href":"https:\/\/ltim.lt\/en\/wp-json\/wp\/v2\/pages\/3005\/revisions"}],"predecessor-version":[{"id":3008,"href":"https:\/\/ltim.lt\/en\/wp-json\/wp\/v2\/pages\/3005\/revisions\/3008"}],"up":[{"embeddable":true,"href":"https:\/\/ltim.lt\/en\/wp-json\/wp\/v2\/pages\/153"}],"wp:featuredmedia":[{"embeddable":true,"href":"https:\/\/ltim.lt\/en\/wp-json\/wp\/v2\/media\/3006"}],"wp:attachment":[{"href":"https:\/\/ltim.lt\/en\/wp-json\/wp\/v2\/media?parent=3005"}],"curies":[{"name":"wp","href":"https:\/\/api.w.org\/{rel}","templated":true}]}}

Paminklo „Žalgirio mūšiui ir Vytautui Didžiajam atminti“ autoriai

<p>Skulptorius Jonas Jagėla ir architektas Romas Balčius. Paminklo „Žalgirio mūšiui ir Vytautui Didžiajam atminti“ Raižiuose, autoriai, mecenatai.</p>
