{"id":2758,"date":"2022-10-03T17:52:32","date_gmt":"2022-10-03T19:52:32","guid":{"rendered":"http:\/\/ltim.lt\/?page_id=2758"},"modified":"2022-10-03T17:52:33","modified_gmt":"2022-10-03T19:52:33","slug":"raiziuose-i-busimo-paminklo-vytautui-didziajam-ir-zalgirio-musiui-pamatus-ileista-kapsule","status":"publish","type":"page","link":"https:\/\/ltim.lt\/en\/galerija\/vietoves\/alytus\/raiziuose-i-busimo-paminklo-vytautui-didziajam-ir-zalgirio-musiui-pamatus-ileista-kapsule\/","title":{"rendered":"Rai\u017eiuose \u012f b\u016bsimo paminklo Vytautui Did\u017eiajam ir \u017dalgirio m\u016b\u0161iui pamatus \u012fleista kapsul\u0117"},"content":{"rendered":"\n<p>Vytauto Did\u017eiojo paminklo pastatymo fondo pirmininkas Motiejus Jakubauskas ir Lietuvos Respublikos Seimo pirmininkas Ar\u016bnas Valinskas \u012f b\u016bsimo paminklo Vytautui Did\u017eiajam ir \u017dalgirio m\u016b\u0161iui pamatus \u012fleid\u017eia kapsul\u0119 su lai\u0161ku ateities kartoms.<\/p>\n","protected":false},"excerpt":{"rendered":"<p>Vytauto Did\u017eiojo paminklo pastatymo fondo pirmininkas Motiejus Jakubauskas ir Lietuvos Respublikos Seimo pirmininkas Ar\u016bnas Valinskas \u012f b\u016bsimo paminklo Vytautui Did\u017eiajam ir \u017dalgirio m\u016b\u0161iui pamatus \u012fleid\u017eia kapsul\u0119 su lai\u0161ku ateities kartoms.<\/p>\n","protected":false},"author":1,"featured_media":2750,"parent":153,"menu_order":0,"comment_status":"closed","ping_status":"closed","template":"page-gallery-inside.php","meta":[],"_links":{"self":[{"href":"https:\/\/ltim.lt\/en\/wp-json\/wp\/v2\/pages\/2758"}],"collection":[{"href":"https:\/\/ltim.lt\/en\/wp-json\/wp\/v2\/pages"}],"about":[{"href":"https:\/\/ltim.lt\/en\/wp-json\/wp\/v2\/types\/page"}],"author":[{"embeddable":true,"href":"https:\/\/ltim.lt\/en\/wp-json\/wp\/v2\/users\/1"}],"replies":[{"embeddable":true,"href":"https:\/\/ltim.lt\/en\/wp-json\/wp\/v2\/comments?post=2758"}],"version-history":[{"count":2,"href":"https:\/\/ltim.lt\/en\/wp-json\/wp\/v2\/pages\/2758\/revisions"}],"predecessor-version":[{"id":2760,"href":"https:\/\/ltim.lt\/en\/wp-json\/wp\/v2\/pages\/2758\/revisions\/2760"}],"up":[{"embeddable":true,"href":"https:\/\/ltim.lt\/en\/wp-json\/wp\/v2\/pages\/153"}],"wp:featuredmedia":[{"embeddable":true,"href":"https:\/\/ltim.lt\/en\/wp-json\/wp\/v2\/media\/2750"}],"wp:attachment":[{"href":"https:\/\/ltim.lt\/en\/wp-json\/wp\/v2\/media?parent=2758"}],"curies":[{"name":"wp","href":"https:\/\/api.w.org\/{rel}","templated":true}]}}

Raižiuose į būsimo paminklo Vytautui Didžiajam ir Žalgirio mūšiui pamatus įleista kapsulė

<p>Vytauto Didžiojo paminklo pastatymo fondo pirmininkas Motiejus Jakubauskas ir Lietuvos Respublikos Seimo pirmininkas Arūnas Valinskas į būsimo paminklo Vytautui Didžiajam ir Žalgirio mūšiui pamatus įleidžia kapsulę su laišku ateities kartoms.</p>
