{"id":1180,"date":"2021-11-02T18:02:15","date_gmt":"2021-11-02T20:02:15","guid":{"rendered":"http:\/\/ltim.lt\/?page_id=1180"},"modified":"2021-12-15T22:37:55","modified_gmt":"2021-12-16T00:37:55","slug":"prie-raiziu-bendruomenes-namo-su-lietuvos-respublikos-seimo-pirmininku-prof-v-pranckieciu-ir-seimo-nariais-2020-m","status":"publish","type":"page","link":"https:\/\/ltim.lt\/en\/galerija\/vietoves\/alytus\/prie-raiziu-bendruomenes-namo-su-lietuvos-respublikos-seimo-pirmininku-prof-v-pranckieciu-ir-seimo-nariais-2020-m\/","title":{"rendered":"Prie Rai\u017ei\u0173 bendruomen\u0117s namo su Lietuvos Respublikos Seimo pirmininku prof. V. Pranckie\u010diu ir Seimo nariais, 2020 m."},"content":{"rendered":"\n<p>Prie Rai\u017ei\u0173 bendruomen\u0117s namo su Lietuvos Respublikos Seimo pirmininku prof. V. Pranckie\u010diu ir Seimo nariais, 2020 m.<\/p>\n<p>Nuotraukos autorius E. Strioga.<\/p>\n","protected":false},"excerpt":{"rendered":"<p>Prie Rai\u017ei\u0173 bendruomen\u0117s namo su Lietuvos Respublikos Seimo pirmininku prof. V. Pranckie\u010diu ir Seimo nariais, 2020 m. Nuotraukos autorius E. Strioga.<\/p>\n","protected":false},"author":1,"featured_media":1176,"parent":153,"menu_order":0,"comment_status":"closed","ping_status":"closed","template":"page-gallery-inside.php","meta":[],"_links":{"self":[{"href":"https:\/\/ltim.lt\/en\/wp-json\/wp\/v2\/pages\/1180"}],"collection":[{"href":"https:\/\/ltim.lt\/en\/wp-json\/wp\/v2\/pages"}],"about":[{"href":"https:\/\/ltim.lt\/en\/wp-json\/wp\/v2\/types\/page"}],"author":[{"embeddable":true,"href":"https:\/\/ltim.lt\/en\/wp-json\/wp\/v2\/users\/1"}],"replies":[{"embeddable":true,"href":"https:\/\/ltim.lt\/en\/wp-json\/wp\/v2\/comments?post=1180"}],"version-history":[{"count":8,"href":"https:\/\/ltim.lt\/en\/wp-json\/wp\/v2\/pages\/1180\/revisions"}],"predecessor-version":[{"id":1558,"href":"https:\/\/ltim.lt\/en\/wp-json\/wp\/v2\/pages\/1180\/revisions\/1558"}],"up":[{"embeddable":true,"href":"https:\/\/ltim.lt\/en\/wp-json\/wp\/v2\/pages\/153"}],"wp:featuredmedia":[{"embeddable":true,"href":"https:\/\/ltim.lt\/en\/wp-json\/wp\/v2\/media\/1176"}],"wp:attachment":[{"href":"https:\/\/ltim.lt\/en\/wp-json\/wp\/v2\/media?parent=1180"}],"curies":[{"name":"wp","href":"https:\/\/api.w.org\/{rel}","templated":true}]}}

Prie Raižių bendruomenės namo su Lietuvos Respublikos Seimo pirmininku prof. V. Pranckiečiu ir Seimo nariais, 2020 m.

<p>Prie Raižių bendruomenės namo su Lietuvos Respublikos Seimo pirmininku prof. V. Pranckiečiu ir Seimo nariais, 2020 m.</p>
<p>Nuotraukos autorius E. Strioga.</p>

<p>Prie Raižių bendruomenės namo su Lietuvos Respublikos Seimo pirmininku prof. V. Pranckiečiu ir Seimo nariais, 2020 m. Nuotraukos autorius E. Strioga.</p>
