{"id":1175,"date":"2021-11-02T18:01:21","date_gmt":"2021-11-02T20:01:21","guid":{"rendered":"http:\/\/ltim.lt\/?page_id=1175"},"modified":"2021-12-15T22:45:28","modified_gmt":"2021-12-16T00:45:28","slug":"raiziu-bendruomenes-nariai-1937-m-prie-mecetes","status":"publish","type":"page","link":"https:\/\/ltim.lt\/en\/galerija\/vietoves\/alytus\/raiziu-bendruomenes-nariai-1937-m-prie-mecetes\/","title":{"rendered":"Rai\u017ei\u0173 bendruomen\u0117s nariai 1937 m. prie me\u010det\u0117s"},"content":{"rendered":"\n<p>Nuotraukos viduryje imamas Adomas Chaleckas. Adomas Chaleckas\u00a0nuo 1906 m. iki mirties 1944 m.,\u00a0su pertrauka Pirmojo pasaulinio karo metu, buvo Rai\u017ei\u0173 imamu. Ji \u00a0buvo kil\u0119s i\u0161 Adamoni\u0173 kaimo.<\/p>\n","protected":false},"excerpt":{"rendered":"<p>Nuotraukos viduryje imamas Adomas Chaleckas. Adomas Chaleckas\u00a0nuo 1906 m. iki mirties 1944 m.,\u00a0su pertrauka Pirmojo pasaulinio karo metu, buvo Rai\u017ei\u0173 imamu. Ji \u00a0buvo kil\u0119s i\u0161 Adamoni\u0173 kaimo.<\/p>\n","protected":false},"author":1,"featured_media":1177,"parent":153,"menu_order":0,"comment_status":"closed","ping_status":"closed","template":"page-gallery-inside.php","meta":[],"_links":{"self":[{"href":"https:\/\/ltim.lt\/en\/wp-json\/wp\/v2\/pages\/1175"}],"collection":[{"href":"https:\/\/ltim.lt\/en\/wp-json\/wp\/v2\/pages"}],"about":[{"href":"https:\/\/ltim.lt\/en\/wp-json\/wp\/v2\/types\/page"}],"author":[{"embeddable":true,"href":"https:\/\/ltim.lt\/en\/wp-json\/wp\/v2\/users\/1"}],"replies":[{"embeddable":true,"href":"https:\/\/ltim.lt\/en\/wp-json\/wp\/v2\/comments?post=1175"}],"version-history":[{"count":4,"href":"https:\/\/ltim.lt\/en\/wp-json\/wp\/v2\/pages\/1175\/revisions"}],"predecessor-version":[{"id":1561,"href":"https:\/\/ltim.lt\/en\/wp-json\/wp\/v2\/pages\/1175\/revisions\/1561"}],"up":[{"embeddable":true,"href":"https:\/\/ltim.lt\/en\/wp-json\/wp\/v2\/pages\/153"}],"wp:featuredmedia":[{"embeddable":true,"href":"https:\/\/ltim.lt\/en\/wp-json\/wp\/v2\/media\/1177"}],"wp:attachment":[{"href":"https:\/\/ltim.lt\/en\/wp-json\/wp\/v2\/media?parent=1175"}],"curies":[{"name":"wp","href":"https:\/\/api.w.org\/{rel}","templated":true}]}}

Raižių bendruomenės nariai 1937 m. prie mečetės

<p>Nuotraukos viduryje imamas Adomas Chaleckas. Adomas Chaleckas nuo 1906 m. iki mirties 1944 m., su pertrauka Pirmojo pasaulinio karo metu, buvo Raižių imamu. Ji  buvo kilęs iš Adamonių kaimo.</p>
