{"id":1163,"date":"2021-11-02T17:57:59","date_gmt":"2021-11-02T19:57:59","guid":{"rendered":"http:\/\/ltim.lt\/?page_id=1163"},"modified":"2021-12-15T22:57:28","modified_gmt":"2021-12-16T00:57:28","slug":"raiziu-mecetes-imamas-stepas-dzenajevicius-2007-2017-m","status":"publish","type":"page","link":"https:\/\/ltim.lt\/en\/galerija\/vietoves\/alytus\/raiziu-mecetes-imamas-stepas-dzenajevicius-2007-2017-m\/","title":{"rendered":"Rai\u017ei\u0173 me\u010det\u0117s imamas Stepas Dzenajevi\u010dius (2007-2017 m.)"},"content":{"rendered":"\n<p class=\"post-title\">Rai\u017ei\u0173 me\u010det\u0117s imamas Stepas Dzenajevi\u010dius (2007-2017 m.)<\/p>\n","protected":false},"excerpt":{"rendered":"<p>Rai\u017ei\u0173 me\u010det\u0117s imamas Stepas Dzenajevi\u010dius (2007-2017 m.)<\/p>\n","protected":false},"author":1,"featured_media":1164,"parent":153,"menu_order":0,"comment_status":"closed","ping_status":"closed","template":"page-gallery-inside.php","meta":[],"_links":{"self":[{"href":"https:\/\/ltim.lt\/en\/wp-json\/wp\/v2\/pages\/1163"}],"collection":[{"href":"https:\/\/ltim.lt\/en\/wp-json\/wp\/v2\/pages"}],"about":[{"href":"https:\/\/ltim.lt\/en\/wp-json\/wp\/v2\/types\/page"}],"author":[{"embeddable":true,"href":"https:\/\/ltim.lt\/en\/wp-json\/wp\/v2\/users\/1"}],"replies":[{"embeddable":true,"href":"https:\/\/ltim.lt\/en\/wp-json\/wp\/v2\/comments?post=1163"}],"version-history":[{"count":3,"href":"https:\/\/ltim.lt\/en\/wp-json\/wp\/v2\/pages\/1163\/revisions"}],"predecessor-version":[{"id":1569,"href":"https:\/\/ltim.lt\/en\/wp-json\/wp\/v2\/pages\/1163\/revisions\/1569"}],"up":[{"embeddable":true,"href":"https:\/\/ltim.lt\/en\/wp-json\/wp\/v2\/pages\/153"}],"wp:featuredmedia":[{"embeddable":true,"href":"https:\/\/ltim.lt\/en\/wp-json\/wp\/v2\/media\/1164"}],"wp:attachment":[{"href":"https:\/\/ltim.lt\/en\/wp-json\/wp\/v2\/media?parent=1163"}],"curies":[{"name":"wp","href":"https:\/\/api.w.org\/{rel}","templated":true}]}}

Raižių mečetės imamas Stepas Dzenajevičius (2007-2017 m.)

<p class="post-title">Raižių mečetės imamas Stepas Dzenajevičius (2007-2017 m.)</p>

<p>Raižių mečetės imamas Stepas Dzenajevičius (2007-2017 m.)</p>
