{"id":1147,"date":"2021-11-02T17:30:15","date_gmt":"2021-11-02T19:30:15","guid":{"rendered":"http:\/\/ltim.lt\/?page_id=1147"},"modified":"2021-11-02T17:30:16","modified_gmt":"2021-11-02T19:30:16","slug":"raiziu-mecetes-imamo-1906-1944-m-adomo-chalecko-seima","status":"publish","type":"page","link":"https:\/\/ltim.lt\/en\/galerija\/vietoves\/alytus\/raiziu-mecetes-imamo-1906-1944-m-adomo-chalecko-seima\/","title":{"rendered":"Rai\u017ei\u0173 me\u010det\u0117s imamo (1906\u20131944 m.) Adomo Chalecko \u0161eima"},"content":{"rendered":"\n<p>S\u0117di: \u017emona Rozalija, imamas Adomas Chaleckas. <br \/>Stovi: s\u016bnus Balys ir dvi dukros.<\/p>\n","protected":false},"excerpt":{"rendered":"<p>S\u0117di: \u017emona Rozalija, imamas Adomas Chaleckas. Stovi: s\u016bnus Balys ir dvi dukros.<\/p>\n","protected":false},"author":1,"featured_media":1148,"parent":153,"menu_order":0,"comment_status":"closed","ping_status":"closed","template":"page-gallery-inside.php","meta":[],"_links":{"self":[{"href":"https:\/\/ltim.lt\/en\/wp-json\/wp\/v2\/pages\/1147"}],"collection":[{"href":"https:\/\/ltim.lt\/en\/wp-json\/wp\/v2\/pages"}],"about":[{"href":"https:\/\/ltim.lt\/en\/wp-json\/wp\/v2\/types\/page"}],"author":[{"embeddable":true,"href":"https:\/\/ltim.lt\/en\/wp-json\/wp\/v2\/users\/1"}],"replies":[{"embeddable":true,"href":"https:\/\/ltim.lt\/en\/wp-json\/wp\/v2\/comments?post=1147"}],"version-history":[{"count":2,"href":"https:\/\/ltim.lt\/en\/wp-json\/wp\/v2\/pages\/1147\/revisions"}],"predecessor-version":[{"id":1150,"href":"https:\/\/ltim.lt\/en\/wp-json\/wp\/v2\/pages\/1147\/revisions\/1150"}],"up":[{"embeddable":true,"href":"https:\/\/ltim.lt\/en\/wp-json\/wp\/v2\/pages\/153"}],"wp:featuredmedia":[{"embeddable":true,"href":"https:\/\/ltim.lt\/en\/wp-json\/wp\/v2\/media\/1148"}],"wp:attachment":[{"href":"https:\/\/ltim.lt\/en\/wp-json\/wp\/v2\/media?parent=1147"}],"curies":[{"name":"wp","href":"https:\/\/api.w.org\/{rel}","templated":true}]}}

Raižių mečetės imamo (1906–1944 m.) Adomo Chalecko šeima

<p>Sėdi: žmona Rozalija, imamas Adomas Chaleckas. <br />Stovi: sūnus Balys ir dvi dukros.</p>

<p>Sėdi: žmona Rozalija, imamas Adomas Chaleckas. Stovi: sūnus Balys ir dvi dukros.</p>
